{"id":51,"date":"2022-03-29T14:24:55","date_gmt":"2022-03-29T12:24:55","guid":{"rendered":"http:\/\/sandradelruevb.com\/?page_id=51"},"modified":"2024-04-19T12:29:10","modified_gmt":"2024-04-19T10:29:10","slug":"a-propos-de-moi","status":"publish","type":"page","link":"https:\/\/sandradelruevb.com\/index.php\/a-propos-de-moi\/","title":{"rendered":"Qui suis-je ?"},"content":{"rendered":"\n<p><\/p>\n\n\n\n<h1 class=\"wp-block-heading\">A propos de moi<\/h1>\n\n\n\n<figure class=\"wp-block-image size-large is-resized\"><img loading=\"lazy\" decoding=\"async\" width=\"706\" height=\"1024\" src=\"https:\/\/sandradelruevb.com\/wp-content\/uploads\/2022\/06\/Sandra_492-copie2-706x1024.jpg\" alt=\"\" class=\"wp-image-102\" style=\"width:237px;height:343px\" srcset=\"https:\/\/sandradelruevb.com\/wp-content\/uploads\/2022\/06\/Sandra_492-copie2-706x1024.jpg 706w, https:\/\/sandradelruevb.com\/wp-content\/uploads\/2022\/06\/Sandra_492-copie2-207x300.jpg 207w, https:\/\/sandradelruevb.com\/wp-content\/uploads\/2022\/06\/Sandra_492-copie2-768x1114.jpg 768w, https:\/\/sandradelruevb.com\/wp-content\/uploads\/2022\/06\/Sandra_492-copie2-1059x1536.jpg 1059w, https:\/\/sandradelruevb.com\/wp-content\/uploads\/2022\/06\/Sandra_492-copie2-1412x2048.jpg 1412w, https:\/\/sandradelruevb.com\/wp-content\/uploads\/2022\/06\/Sandra_492-copie2-scaled.jpg 1765w\" sizes=\"(max-width: 706px) 100vw, 706px\" \/><\/figure>\n\n\n\n<h2 class=\"wp-block-heading\">Mon parcours <\/h2>\n\n\n\n<p>Enseignante pendant dix ans dans le sup\u00e9rieur, j&#8217;appris avec les ann\u00e9es d&#8217;exp\u00e9rience que bien des blocages dont souffraient mes \u00e9tudiants n&#8217;\u00e9taient en r\u00e9alit\u00e9 pas rattach\u00e9s \u00e0 l&#8217;apprentissage en tant que tel, mais \u00e0 leur exp\u00e9rience de vie, \u00e0 leurs \u00e9motions, aux blocages rencontr\u00e9s sur le chemin. Ayant grandi en Allemagne o\u00f9 des pratiques alternatives font tout naturellement partie de l&#8217;univers de chacun, la d\u00e9cision de me tourner vers cette forme d&#8217;accompagnement a \u00e9t\u00e9 une \u00e9vidence.<\/p>\n\n\n\n<h3 class=\"wp-block-heading\">Dipl\u00f4mes et certifications<\/h3>\n\n\n\n<ul>\n<li><strong><span style=\"text-decoration: underline;\">Praticienne en m\u00e9thode PEC<\/span> <\/strong>certifi\u00e9e \u00e0 l&#8217;EKTC (Ecole de Kin\u00e9siologie et Techniques Compl\u00e9mentaires). Cette<strong> m\u00e9thode pyscho-\u00e9motionnelle et corporelle<\/strong> comprend : <\/li>\n<\/ul>\n\n\n\n<ul>\n<li>Praticienne en<strong> hypnose symbolique et ericksonienne<\/strong><\/li>\n\n\n\n<li>Praticienne en <strong>EFT<\/strong> (Emotional Freedom Technique) &#8211; technique de lib\u00e9ration \u00e9motionnelle<\/li>\n\n\n\n<li>Form\u00e9e \u00e0 des <strong>outils de la kin\u00e9siologie<\/strong> (notamment Sant\u00e9 par le Toucher, R\u00e9flexes Archa\u00efques, Edu-Kin\u00e9siologie)<\/li>\n\n\n\n<li>Praticienne en <strong>R\u00e9flexologie Cr\u00e2nio-Sacr\u00e9<\/strong><\/li>\n\n\n\n<li><a href=\"https:\/\/www.ecole-kinesiologie.fr\/\" data-type=\"link\" data-id=\"https:\/\/www.ecole-kinesiologie.fr\/\">Formatrice en hypnose symbolique et ericksonienne<\/a> <\/li>\n\n\n\n<li><a href=\"https:\/\/www.ecole-kinesiologie.fr\/\">Formatrice en EFT<\/a><\/li>\n\n\n\n<li><a href=\"https:\/\/www.ecole-kinesiologie.fr\/\">Formatrice en visualisation<\/a> (technique d&#8217;hypnose)<\/li>\n<\/ul>\n\n\n\n<p>____<\/p>\n\n\n\n<ul>\n<li><strong><span style=\"text-decoration: underline;\">Practicienne Access Facelift (R)<\/span><\/strong><\/li>\n<\/ul>\n\n\n\n<p><\/p>\n\n\n\n<p><\/p>\n\n\n\n<p><\/p>\n","protected":false},"excerpt":{"rendered":"<p>A propos de moi Mon parcours Enseignante pendant dix ans dans le sup\u00e9rieur, j&#8217;appris avec les ann\u00e9es d&#8217;exp\u00e9rience que bien des blocages dont souffraient mes \u00e9tudiants n&#8217;\u00e9taient en r\u00e9alit\u00e9 pas rattach\u00e9s \u00e0 l&#8217;apprentissage en tant que tel, mais \u00e0 leur exp\u00e9rience de vie, \u00e0 leurs \u00e9motions, aux blocages rencontr\u00e9s sur le chemin. Ayant grandi en &hellip; <\/p>\n<p class=\"link-more\"><a href=\"https:\/\/sandradelruevb.com\/index.php\/a-propos-de-moi\/\" class=\"more-link\">Continue reading<span class=\"screen-reader-text\"> &#8220;Qui suis-je ?&#8221;<\/span><\/a><\/p>\n","protected":false},"author":1,"featured_media":0,"parent":0,"menu_order":0,"comment_status":"closed","ping_status":"closed","template":"","meta":{"footnotes":""},"_links":{"self":[{"href":"https:\/\/sandradelruevb.com\/index.php\/wp-json\/wp\/v2\/pages\/51"}],"collection":[{"href":"https:\/\/sandradelruevb.com\/index.php\/wp-json\/wp\/v2\/pages"}],"about":[{"href":"https:\/\/sandradelruevb.com\/index.php\/wp-json\/wp\/v2\/types\/page"}],"author":[{"embeddable":true,"href":"https:\/\/sandradelruevb.com\/index.php\/wp-json\/wp\/v2\/users\/1"}],"replies":[{"embeddable":true,"href":"https:\/\/sandradelruevb.com\/index.php\/wp-json\/wp\/v2\/comments?post=51"}],"version-history":[{"count":17,"href":"https:\/\/sandradelruevb.com\/index.php\/wp-json\/wp\/v2\/pages\/51\/revisions"}],"predecessor-version":[{"id":143,"href":"https:\/\/sandradelruevb.com\/index.php\/wp-json\/wp\/v2\/pages\/51\/revisions\/143"}],"wp:attachment":[{"href":"https:\/\/sandradelruevb.com\/index.php\/wp-json\/wp\/v2\/media?parent=51"}],"curies":[{"name":"wp","href":"https:\/\/api.w.org\/{rel}","templated":true}]}}