{"id":58,"date":"2022-03-29T14:51:02","date_gmt":"2022-03-29T12:51:02","guid":{"rendered":"http:\/\/sandradelruevb.com\/?page_id=58"},"modified":"2022-03-30T12:06:34","modified_gmt":"2022-03-30T10:06:34","slug":"pour-qui","status":"publish","type":"page","link":"https:\/\/sandradelruevb.com\/index.php\/pour-qui\/","title":{"rendered":"Pour qui ?"},"content":{"rendered":"\n<p>Tous ces merveilleux outils et techniques s&#8217;adaptent \u00e0 tous les \u00e2ges. J&#8217;accueille enfants &#8211; d\u00e8s le plus jeunes \u00e2ge &#8211; , comme adultes en cabinet ou par visio.<\/p>\n\n\n\n<p><\/p>\n","protected":false},"excerpt":{"rendered":"<p>Tous ces merveilleux outils et techniques s&#8217;adaptent \u00e0 tous les \u00e2ges. J&#8217;accueille enfants &#8211; d\u00e8s le plus jeunes \u00e2ge &#8211; , comme adultes en cabinet ou par visio.<\/p>\n","protected":false},"author":1,"featured_media":0,"parent":0,"menu_order":0,"comment_status":"closed","ping_status":"closed","template":"","meta":{"footnotes":""},"_links":{"self":[{"href":"https:\/\/sandradelruevb.com\/index.php\/wp-json\/wp\/v2\/pages\/58"}],"collection":[{"href":"https:\/\/sandradelruevb.com\/index.php\/wp-json\/wp\/v2\/pages"}],"about":[{"href":"https:\/\/sandradelruevb.com\/index.php\/wp-json\/wp\/v2\/types\/page"}],"author":[{"embeddable":true,"href":"https:\/\/sandradelruevb.com\/index.php\/wp-json\/wp\/v2\/users\/1"}],"replies":[{"embeddable":true,"href":"https:\/\/sandradelruevb.com\/index.php\/wp-json\/wp\/v2\/comments?post=58"}],"version-history":[{"count":2,"href":"https:\/\/sandradelruevb.com\/index.php\/wp-json\/wp\/v2\/pages\/58\/revisions"}],"predecessor-version":[{"id":83,"href":"https:\/\/sandradelruevb.com\/index.php\/wp-json\/wp\/v2\/pages\/58\/revisions\/83"}],"wp:attachment":[{"href":"https:\/\/sandradelruevb.com\/index.php\/wp-json\/wp\/v2\/media?parent=58"}],"curies":[{"name":"wp","href":"https:\/\/api.w.org\/{rel}","templated":true}]}}