{"id":62,"date":"2022-03-29T14:59:58","date_gmt":"2022-03-29T12:59:58","guid":{"rendered":"http:\/\/sandradelruevb.com\/?page_id=62"},"modified":"2022-06-16T14:11:34","modified_gmt":"2022-06-16T12:11:34","slug":"tarifs-et-duree-dune-seance","status":"publish","type":"page","link":"https:\/\/sandradelruevb.com\/index.php\/tarifs-et-duree-dune-seance\/","title":{"rendered":"Tarifs et dur\u00e9e d&#8217;une s\u00e9ance"},"content":{"rendered":"\n<p>S\u00e9ance adulte (outils de la kin\u00e9siologie, hypnose, EFT, r\u00e9flexologie cr\u00e2nio-sacr\u00e9e) : 70\u20ac. Dur\u00e9e : 1h30<\/p>\n\n\n\n<p>S\u00e9ance enfant (outils de la kin\u00e9siologie, hypnose, EFT, r\u00e9flexologie cr\u00e2nio-sacr\u00e9e) : 50\u20ac. Dur\u00e9e : 1h<\/p>\n\n\n\n<p>S\u00e9ance Access Facelift (R) : Lifting facial par un toucher doux :  70\u20ac.                                            Dur\u00e9e : 1h<\/p>\n","protected":false},"excerpt":{"rendered":"<p>S\u00e9ance adulte (outils de la kin\u00e9siologie, hypnose, EFT, r\u00e9flexologie cr\u00e2nio-sacr\u00e9e) : 70\u20ac. Dur\u00e9e : 1h30 S\u00e9ance enfant (outils de la kin\u00e9siologie, hypnose, EFT, r\u00e9flexologie cr\u00e2nio-sacr\u00e9e) : 50\u20ac. Dur\u00e9e : 1h S\u00e9ance Access Facelift (R) : Lifting facial par un toucher doux : 70\u20ac. Dur\u00e9e : 1h<\/p>\n","protected":false},"author":1,"featured_media":0,"parent":0,"menu_order":0,"comment_status":"closed","ping_status":"closed","template":"","meta":{"footnotes":""},"_links":{"self":[{"href":"https:\/\/sandradelruevb.com\/index.php\/wp-json\/wp\/v2\/pages\/62"}],"collection":[{"href":"https:\/\/sandradelruevb.com\/index.php\/wp-json\/wp\/v2\/pages"}],"about":[{"href":"https:\/\/sandradelruevb.com\/index.php\/wp-json\/wp\/v2\/types\/page"}],"author":[{"embeddable":true,"href":"https:\/\/sandradelruevb.com\/index.php\/wp-json\/wp\/v2\/users\/1"}],"replies":[{"embeddable":true,"href":"https:\/\/sandradelruevb.com\/index.php\/wp-json\/wp\/v2\/comments?post=62"}],"version-history":[{"count":2,"href":"https:\/\/sandradelruevb.com\/index.php\/wp-json\/wp\/v2\/pages\/62\/revisions"}],"predecessor-version":[{"id":97,"href":"https:\/\/sandradelruevb.com\/index.php\/wp-json\/wp\/v2\/pages\/62\/revisions\/97"}],"wp:attachment":[{"href":"https:\/\/sandradelruevb.com\/index.php\/wp-json\/wp\/v2\/media?parent=62"}],"curies":[{"name":"wp","href":"https:\/\/api.w.org\/{rel}","templated":true}]}}